{"id":1255,"date":"2013-02-18T08:18:00","date_gmt":"2013-02-18T08:18:00","guid":{"rendered":"https:\/\/www.lopselis.darzelis.mickunai.vilniausr.lm.lt\/?page_id=1255"},"modified":"2025-12-17T13:23:51","modified_gmt":"2025-12-17T11:23:51","slug":"valgiarastis","status":"publish","type":"page","link":"https:\/\/www.lopselis.darzelis.mickunai.vilniausr.lm.lt\/?page_id=1255","title":{"rendered":"Valgiara\u0161tis"},"content":{"rendered":"<p>Nuo 2025 m. baland\u017eio&nbsp; 28&nbsp; d. lop\u0161elyje &#8211; dar\u017eelyje tiekiamas maistas pagal atnaujint\u0105, sveikatai palank\u0173 15 dien\u0173 valgiara\u0161t\u012f.<\/p>\n<p>Kiekvienos dienos meniu yra skelbiama vie\u0161ai informacijos stende \u012fstaigoje, bei atskirai grup\u0117se, tod\u0117l t\u0117vai nuolatos yra informuoti, k\u0105 vaikai valg\u0117 dienos metu.<\/p>\n<p>Si\u016blome susipa\u017einti su m\u016bs\u0173 valgiara\u0161\u010diu:<\/p>\n<p>NAUJAS VALGIARA\u0160TIS<\/p>\n<p><a href=\"https:\/\/www.lopselis.darzelis.mickunai.vilniausr.lm.lt\/wp-content\/uploads\/2013\/02\/2493911.jpg\"><img loading=\"lazy\" decoding=\"async\" class=\"aligncenter size-medium wp-image-1261\" title=\"2493911\" src=\"https:\/\/www.lopselis.darzelis.mickunai.vilniausr.lm.lt\/wp-content\/uploads\/2013\/02\/2493911-300x225.jpg\" alt=\"\" width=\"300\" height=\"225\" srcset=\"https:\/\/www.lopselis.darzelis.mickunai.vilniausr.lm.lt\/wp-content\/uploads\/2013\/02\/2493911-300x225.jpg 300w, https:\/\/www.lopselis.darzelis.mickunai.vilniausr.lm.lt\/wp-content\/uploads\/2013\/02\/2493911.jpg 960w\" sizes=\"auto, (max-width: 300px) 100vw, 300px\" \/><\/a><\/p>\n<p>Vasaros sezonas<\/p>\n\n\n<div data-wp-interactive=\"core\/file\" class=\"wp-block-file\"><object data-wp-bind--hidden=\"!state.hasPdfPreview\" hidden class=\"wp-block-file__embed\" data=\"https:\/\/www.lopselis.darzelis.mickunai.vilniausr.lm.lt\/wp-content\/uploads\/2025\/06\/1-savaite.pdf\" type=\"application\/pdf\" style=\"width:100%;height:600px\" aria-label=\"Embed of 1 savait\u0117.\"><\/object><a id=\"wp-block-file--media-dbdee757-e86d-4fec-abfe-e8b59ea50363\" href=\"https:\/\/www.lopselis.darzelis.mickunai.vilniausr.lm.lt\/wp-content\/uploads\/2025\/06\/1-savaite.pdf\">1 savait\u0117<\/a><a href=\"https:\/\/www.lopselis.darzelis.mickunai.vilniausr.lm.lt\/wp-content\/uploads\/2025\/06\/1-savaite.pdf\" class=\"wp-block-file__button wp-element-button\" download aria-describedby=\"wp-block-file--media-dbdee757-e86d-4fec-abfe-e8b59ea50363\">Download<\/a><\/div>\n\n\n\n<div data-wp-interactive=\"core\/file\" class=\"wp-block-file\"><object data-wp-bind--hidden=\"!state.hasPdfPreview\" hidden class=\"wp-block-file__embed\" data=\"https:\/\/www.lopselis.darzelis.mickunai.vilniausr.lm.lt\/wp-content\/uploads\/2025\/06\/2-savaite.pdf\" type=\"application\/pdf\" style=\"width:100%;height:600px\" aria-label=\"Embed of 2 savait\u0117.\"><\/object><a id=\"wp-block-file--media-c73512e1-b049-4bdb-bc4f-b332be308589\" href=\"https:\/\/www.lopselis.darzelis.mickunai.vilniausr.lm.lt\/wp-content\/uploads\/2025\/06\/2-savaite.pdf\">2 savait\u0117<\/a><a href=\"https:\/\/www.lopselis.darzelis.mickunai.vilniausr.lm.lt\/wp-content\/uploads\/2025\/06\/2-savaite.pdf\" class=\"wp-block-file__button wp-element-button\" download aria-describedby=\"wp-block-file--media-c73512e1-b049-4bdb-bc4f-b332be308589\">Download<\/a><\/div>\n\n\n\n<div data-wp-interactive=\"core\/file\" class=\"wp-block-file\"><object data-wp-bind--hidden=\"!state.hasPdfPreview\" hidden class=\"wp-block-file__embed\" data=\"https:\/\/www.lopselis.darzelis.mickunai.vilniausr.lm.lt\/wp-content\/uploads\/2025\/06\/3-savaite.pdf\" type=\"application\/pdf\" style=\"width:100%;height:600px\" aria-label=\"Embed of 3 savait\u0117.\"><\/object><a id=\"wp-block-file--media-480e4dfe-bdc6-477f-a97e-1b81c874948c\" href=\"https:\/\/www.lopselis.darzelis.mickunai.vilniausr.lm.lt\/wp-content\/uploads\/2025\/06\/3-savaite.pdf\">3 savait\u0117<\/a><a href=\"https:\/\/www.lopselis.darzelis.mickunai.vilniausr.lm.lt\/wp-content\/uploads\/2025\/06\/3-savaite.pdf\" class=\"wp-block-file__button wp-element-button\" download aria-describedby=\"wp-block-file--media-480e4dfe-bdc6-477f-a97e-1b81c874948c\">Download<\/a><\/div>\n\n\n\n<p><\/p>\n\n\n\n<p>Rudens sezonas <\/p>\n\n\n\n<div data-wp-interactive=\"core\/file\" class=\"wp-block-file\"><object data-wp-bind--hidden=\"!state.hasPdfPreview\" hidden class=\"wp-block-file__embed\" data=\"https:\/\/www.lopselis.darzelis.mickunai.vilniausr.lm.lt\/wp-content\/uploads\/2025\/12\/Mickunai-integracinis-Ruduo-ziema-2025-2026-1-tydzien.pdf\" type=\"application\/pdf\" style=\"width:100%;height:600px\" aria-label=\"Embed of Mick\u016bnai integracinis Ruduo-\u017eiema 2025-2026 1 tydzie\u0144.\"><\/object><a id=\"wp-block-file--media-62db73f6-a1f8-4833-afb3-ea1d993678a8\" href=\"https:\/\/www.lopselis.darzelis.mickunai.vilniausr.lm.lt\/wp-content\/uploads\/2025\/12\/Mickunai-integracinis-Ruduo-ziema-2025-2026-1-tydzien.pdf\">Mick\u016bnai integracinis Ruduo-\u017eiema 2025-2026 1 tydzie\u0144<\/a><a href=\"https:\/\/www.lopselis.darzelis.mickunai.vilniausr.lm.lt\/wp-content\/uploads\/2025\/12\/Mickunai-integracinis-Ruduo-ziema-2025-2026-1-tydzien.pdf\" class=\"wp-block-file__button wp-element-button\" download aria-describedby=\"wp-block-file--media-62db73f6-a1f8-4833-afb3-ea1d993678a8\">Download<\/a><\/div>\n\n\n\n<div data-wp-interactive=\"core\/file\" class=\"wp-block-file\"><object data-wp-bind--hidden=\"!state.hasPdfPreview\" hidden class=\"wp-block-file__embed\" data=\"https:\/\/www.lopselis.darzelis.mickunai.vilniausr.lm.lt\/wp-content\/uploads\/2025\/12\/Mickunai-integracinis-Ruduo-ziema-2025-2026-2-tydzien.pdf\" type=\"application\/pdf\" style=\"width:100%;height:600px\" aria-label=\"Embed of Mick\u016bnai integracinis Ruduo-\u017eiema 2025-2026 2 tydzie\u0144.\"><\/object><a id=\"wp-block-file--media-17c8734b-479f-4034-b058-155b6f2f80af\" href=\"https:\/\/www.lopselis.darzelis.mickunai.vilniausr.lm.lt\/wp-content\/uploads\/2025\/12\/Mickunai-integracinis-Ruduo-ziema-2025-2026-2-tydzien.pdf\">Mick\u016bnai integracinis Ruduo-\u017eiema 2025-2026 2 tydzie\u0144<\/a><a href=\"https:\/\/www.lopselis.darzelis.mickunai.vilniausr.lm.lt\/wp-content\/uploads\/2025\/12\/Mickunai-integracinis-Ruduo-ziema-2025-2026-2-tydzien.pdf\" class=\"wp-block-file__button wp-element-button\" download aria-describedby=\"wp-block-file--media-17c8734b-479f-4034-b058-155b6f2f80af\">Download<\/a><\/div>\n\n\n\n<div data-wp-interactive=\"core\/file\" class=\"wp-block-file\"><object data-wp-bind--hidden=\"!state.hasPdfPreview\" hidden class=\"wp-block-file__embed\" data=\"https:\/\/www.lopselis.darzelis.mickunai.vilniausr.lm.lt\/wp-content\/uploads\/2025\/12\/Mickunai-integracinis-Ruduo-ziema-2025-2026-3-tydzien.pdf\" type=\"application\/pdf\" style=\"width:100%;height:600px\" aria-label=\"Embed of Mick\u016bnai integracinis Ruduo-\u017eiema 2025-2026 3 tydzie\u0144.\"><\/object><a id=\"wp-block-file--media-771cce87-c8b3-4f34-b668-ba7ac00dc59d\" href=\"https:\/\/www.lopselis.darzelis.mickunai.vilniausr.lm.lt\/wp-content\/uploads\/2025\/12\/Mickunai-integracinis-Ruduo-ziema-2025-2026-3-tydzien.pdf\">Mick\u016bnai integracinis Ruduo-\u017eiema 2025-2026 3 tydzie\u0144<\/a><a href=\"https:\/\/www.lopselis.darzelis.mickunai.vilniausr.lm.lt\/wp-content\/uploads\/2025\/12\/Mickunai-integracinis-Ruduo-ziema-2025-2026-3-tydzien.pdf\" class=\"wp-block-file__button wp-element-button\" download aria-describedby=\"wp-block-file--media-771cce87-c8b3-4f34-b668-ba7ac00dc59d\">Download<\/a><\/div>\n","protected":false},"excerpt":{"rendered":"<p>Nuo 2025 m. baland\u017eio&nbsp; 28&nbsp; d. lop\u0161elyje &#8211; dar\u017eelyje tiekiamas maistas pagal atnaujint\u0105, sveikatai palank\u0173 15 dien\u0173 valgiara\u0161t\u012f. Kiekvienos dienos &hellip; <a href=\"https:\/\/www.lopselis.darzelis.mickunai.vilniausr.lm.lt\/?page_id=1255\" class=\"more-link\"><span class=\"more-button\">Continue Reading<span class=\"screen-reader-text\">Valgiara\u0161tis<\/span><\/span><\/a><\/p>\n","protected":false},"author":1,"featured_media":0,"parent":93,"menu_order":0,"comment_status":"open","ping_status":"open","template":"","meta":{"ngg_post_thumbnail":0,"footnotes":""},"class_list":["post-1255","page","type-page","status-publish","hentry"],"_links":{"self":[{"href":"https:\/\/www.lopselis.darzelis.mickunai.vilniausr.lm.lt\/index.php?rest_route=\/wp\/v2\/pages\/1255","targetHints":{"allow":["GET"]}}],"collection":[{"href":"https:\/\/www.lopselis.darzelis.mickunai.vilniausr.lm.lt\/index.php?rest_route=\/wp\/v2\/pages"}],"about":[{"href":"https:\/\/www.lopselis.darzelis.mickunai.vilniausr.lm.lt\/index.php?rest_route=\/wp\/v2\/types\/page"}],"author":[{"embeddable":true,"href":"https:\/\/www.lopselis.darzelis.mickunai.vilniausr.lm.lt\/index.php?rest_route=\/wp\/v2\/users\/1"}],"replies":[{"embeddable":true,"href":"https:\/\/www.lopselis.darzelis.mickunai.vilniausr.lm.lt\/index.php?rest_route=%2Fwp%2Fv2%2Fcomments&post=1255"}],"version-history":[{"count":12,"href":"https:\/\/www.lopselis.darzelis.mickunai.vilniausr.lm.lt\/index.php?rest_route=\/wp\/v2\/pages\/1255\/revisions"}],"predecessor-version":[{"id":7131,"href":"https:\/\/www.lopselis.darzelis.mickunai.vilniausr.lm.lt\/index.php?rest_route=\/wp\/v2\/pages\/1255\/revisions\/7131"}],"up":[{"embeddable":true,"href":"https:\/\/www.lopselis.darzelis.mickunai.vilniausr.lm.lt\/index.php?rest_route=\/wp\/v2\/pages\/93"}],"wp:attachment":[{"href":"https:\/\/www.lopselis.darzelis.mickunai.vilniausr.lm.lt\/index.php?rest_route=%2Fwp%2Fv2%2Fmedia&parent=1255"}],"curies":[{"name":"wp","href":"https:\/\/api.w.org\/{rel}","templated":true}]}}