{"id":4339,"date":"2020-03-23T14:42:06","date_gmt":"2020-03-23T14:42:06","guid":{"rendered":"https:\/\/www.lopselis.darzelis.mickunai.vilniausr.lm.lt\/?page_id=4339"},"modified":"2021-02-11T12:33:12","modified_gmt":"2021-02-11T12:33:12","slug":"koronavirusas-covid-19","status":"publish","type":"page","link":"https:\/\/www.lopselis.darzelis.mickunai.vilniausr.lm.lt\/?page_id=4339","title":{"rendered":"KORONAVIRUSAS (COVID-19)"},"content":{"rendered":"\n<p>\u010cia bus talpinama visa informacija susijusi su karantinu, d\u0117l koronaviruso protr\u016bkio m\u016bs\u0173 valstyb\u0117je, visi aktual\u016bs bendruomenei teis\u0117s aktai ir pan.<\/p>\n\n\n\n<div class=\"wp-block-file\"><a href=\"https:\/\/www.lopselis.darzelis.mickunai.vilniausr.lm.lt\/wp-content\/uploads\/2020\/03\/Saugumo_priemoniu_naudojimas_A321-1924.pdf\">Saugumo_priemoniu_naudojimas_A32(1)-1924<\/a><a href=\"https:\/\/www.lopselis.darzelis.mickunai.vilniausr.lm.lt\/wp-content\/uploads\/2020\/03\/Saugumo_priemoniu_naudojimas_A321-1924.pdf\" class=\"wp-block-file__button\" download>Download<\/a><\/div>\n\n\n\n<p>Nutarimas d\u0117l karantino prat\u0119simo (nuoroda):<\/p>\n\n\n\n<p><a href=\"https:\/\/docs.google.com\/document\/d\/1RRknT5aXVtKbagQpz-AuJAhHGXwHHSwe9OHDpjoud0k\/edit?usp=sharing\">https:\/\/docs.google.com\/document\/d\/1RRknT5aXVtKbagQpz-AuJAhHGXwHHSwe9OHDpjoud0k\/edit?usp=sharing<\/a><\/p>\n\n\n\n<p><\/p>\n\n\n\n<div class=\"wp-block-file\"><a href=\"https:\/\/www.lopselis.darzelis.mickunai.vilniausr.lm.lt\/wp-content\/uploads\/2020\/03\/Asmenu_izoliavimas_saviv_patalp_A321-1926.pdf\">Asmenu_izoliavimas_saviv_patalp_A32(1)-1926<\/a><a href=\"https:\/\/www.lopselis.darzelis.mickunai.vilniausr.lm.lt\/wp-content\/uploads\/2020\/03\/Asmenu_izoliavimas_saviv_patalp_A321-1926.pdf\" class=\"wp-block-file__button\" download>Download<\/a><\/div>\n\n\n\n<div class=\"wp-block-file\"><a href=\"https:\/\/www.lopselis.darzelis.mickunai.vilniausr.lm.lt\/wp-content\/uploads\/2020\/03\/Apibrezimo_pakeitimas_A321-1925.pdf\">Apibrezimo_pakeitimas_A32(1)-1925<\/a><a href=\"https:\/\/www.lopselis.darzelis.mickunai.vilniausr.lm.lt\/wp-content\/uploads\/2020\/03\/Apibrezimo_pakeitimas_A321-1925.pdf\" class=\"wp-block-file__button\" download>Download<\/a><\/div>\n\n\n\n<p> Informacija apie b\u016btin\u0105 kauki\u0173 ne\u0161iojim\u0105 vie\u0161osiose vietose karantino metu:<br><a href=\"https:\/\/vrsa.lt\/go.php\/lit\/Placiau\/10622\">https:\/\/vrsa.lt\/go.php\/lit\/Placiau\/10622<\/a> <\/p>\n\n\n\n<div class=\"wp-block-file\"><a href=\"https:\/\/www.lopselis.darzelis.mickunai.vilniausr.lm.lt\/wp-content\/uploads\/2020\/03\/Atvyk_isvyk_kontrole_A321-1886.pdf\">Atvyk_isvyk_kontrole_A32(1)-1886<\/a><a href=\"https:\/\/www.lopselis.darzelis.mickunai.vilniausr.lm.lt\/wp-content\/uploads\/2020\/03\/Atvyk_isvyk_kontrole_A321-1886.pdf\" class=\"wp-block-file__button\" download>Download<\/a><\/div>\n\n\n\n<div class=\"wp-block-file\"><a href=\"https:\/\/www.lopselis.darzelis.mickunai.vilniausr.lm.lt\/wp-content\/uploads\/2020\/03\/Priemoniu_vykd_kontrole_A321-1897.pdf\">Priemoniu_vykd_kontrole_A32(1)-1897<\/a><a href=\"https:\/\/www.lopselis.darzelis.mickunai.vilniausr.lm.lt\/wp-content\/uploads\/2020\/03\/Priemoniu_vykd_kontrole_A321-1897.pdf\" class=\"wp-block-file__button\" download>Download<\/a><\/div>\n\n\n\n<div class=\"wp-block-file\"><a href=\"https:\/\/www.lopselis.darzelis.mickunai.vilniausr.lm.lt\/wp-content\/uploads\/2020\/03\/Sv_Aps_vaist_A321-1888.pdf\">Vaist\u0173 i\u0161davimo pirkimos tvarka_Sv_Aps_vaist_A32(1)-1888<\/a><a href=\"https:\/\/www.lopselis.darzelis.mickunai.vilniausr.lm.lt\/wp-content\/uploads\/2020\/03\/Sv_Aps_vaist_A321-1888.pdf\" class=\"wp-block-file__button\" download>Download<\/a><\/div>\n\n\n\n<div class=\"wp-block-file\"><a href=\"https:\/\/www.lopselis.darzelis.mickunai.vilniausr.lm.lt\/wp-content\/uploads\/2020\/03\/Sv_aps_sv_priez_ist_A321-1889.pdf\">Sveikatos priezuru instituciju veikla-Sv_aps_sv_priez_ist_A32(1)-1889<\/a><a href=\"https:\/\/www.lopselis.darzelis.mickunai.vilniausr.lm.lt\/wp-content\/uploads\/2020\/03\/Sv_aps_sv_priez_ist_A321-1889.pdf\" class=\"wp-block-file__button\" download>Download<\/a><\/div>\n","protected":false},"excerpt":{"rendered":"<p>\u010cia bus talpinama visa informacija susijusi su karantinu, d\u0117l koronaviruso protr\u016bkio m\u016bs\u0173 valstyb\u0117je, visi aktual\u016bs bendruomenei teis\u0117s aktai ir pan. &hellip; <a href=\"https:\/\/www.lopselis.darzelis.mickunai.vilniausr.lm.lt\/?page_id=4339\" class=\"more-link\"><span class=\"more-button\">Continue Reading<span class=\"screen-reader-text\">KORONAVIRUSAS (COVID-19)<\/span><\/span><\/a><\/p>\n","protected":false},"author":1,"featured_media":0,"parent":93,"menu_order":6,"comment_status":"closed","ping_status":"closed","template":"","meta":{"ngg_post_thumbnail":0,"footnotes":""},"class_list":["post-4339","page","type-page","status-publish","hentry"],"_links":{"self":[{"href":"https:\/\/www.lopselis.darzelis.mickunai.vilniausr.lm.lt\/index.php?rest_route=\/wp\/v2\/pages\/4339","targetHints":{"allow":["GET"]}}],"collection":[{"href":"https:\/\/www.lopselis.darzelis.mickunai.vilniausr.lm.lt\/index.php?rest_route=\/wp\/v2\/pages"}],"about":[{"href":"https:\/\/www.lopselis.darzelis.mickunai.vilniausr.lm.lt\/index.php?rest_route=\/wp\/v2\/types\/page"}],"author":[{"embeddable":true,"href":"https:\/\/www.lopselis.darzelis.mickunai.vilniausr.lm.lt\/index.php?rest_route=\/wp\/v2\/users\/1"}],"replies":[{"embeddable":true,"href":"https:\/\/www.lopselis.darzelis.mickunai.vilniausr.lm.lt\/index.php?rest_route=%2Fwp%2Fv2%2Fcomments&post=4339"}],"version-history":[{"count":9,"href":"https:\/\/www.lopselis.darzelis.mickunai.vilniausr.lm.lt\/index.php?rest_route=\/wp\/v2\/pages\/4339\/revisions"}],"predecessor-version":[{"id":4366,"href":"https:\/\/www.lopselis.darzelis.mickunai.vilniausr.lm.lt\/index.php?rest_route=\/wp\/v2\/pages\/4339\/revisions\/4366"}],"up":[{"embeddable":true,"href":"https:\/\/www.lopselis.darzelis.mickunai.vilniausr.lm.lt\/index.php?rest_route=\/wp\/v2\/pages\/93"}],"wp:attachment":[{"href":"https:\/\/www.lopselis.darzelis.mickunai.vilniausr.lm.lt\/index.php?rest_route=%2Fwp%2Fv2%2Fmedia&parent=4339"}],"curies":[{"name":"wp","href":"https:\/\/api.w.org\/{rel}","templated":true}]}}